{"id":1966,"date":"2022-09-26T17:19:51","date_gmt":"2022-09-26T17:19:51","guid":{"rendered":"http:\/\/spu.org.uy\/sitio\/?page_id=1966"},"modified":"2022-09-26T17:24:15","modified_gmt":"2022-09-26T17:24:15","slug":"setiembre-2022","status":"publish","type":"page","link":"http:\/\/spu.org.uy\/sitio\/?page_id=1966","title":{"rendered":"Setiembre 2022"},"content":{"rendered":"\n<p class=\"has-text-align-left\" style=\"font-size:22px\"><strong>Revista de Psiquiatr\u00eda del Uruguay <\/strong><\/p>\n\n\n\n<p class=\"has-text-align-left\" style=\"font-size:22px\"><strong>Vol. 86 No. 1<\/strong><\/p>\n\n\n\n<figure class=\"wp-block-image size-medium is-resized\"><img decoding=\"async\" src=\"http:\/\/spu.org.uy\/sitio\/wp-content\/uploads\/2022\/09\/tapa_86_1-246x300.jpg\" alt=\"\" class=\"wp-image-1964\" height=\"250\" srcset=\"http:\/\/spu.org.uy\/sitio\/wp-content\/uploads\/2022\/09\/tapa_86_1-246x300.jpg 246w, http:\/\/spu.org.uy\/sitio\/wp-content\/uploads\/2022\/09\/tapa_86_1-840x1024.jpg 840w, http:\/\/spu.org.uy\/sitio\/wp-content\/uploads\/2022\/09\/tapa_86_1-768x936.jpg 768w, http:\/\/spu.org.uy\/sitio\/wp-content\/uploads\/2022\/09\/tapa_86_1.jpg 1200w\" sizes=\"(max-width: 246px) 100vw, 246px\" \/><\/figure>\n\n\n\n<p class=\"has-medium-font-size\"><strong>Sumario<\/strong><\/p>\n\n\n\n<p class=\"has-normal-font-size\">Editorial<\/p>\n\n\n\n<p class=\"has-normal-font-size\"><a href=\"http:\/\/spu.org.uy\/sitio\/wp-content\/uploads\/2022\/09\/01_Editorial-1.pdf\" target=\"_blank\" rel=\"noreferrer noopener\"><strong>Los psiquiatras en el Sistema de Salud de Uruguay: \u00bfCu\u00e1ntos somos?, \u00bfcu\u00e1ntos se necesitan?<\/strong><\/a><\/p>\n\n\n\n<p class=\"has-small-font-size\">Sandra Romano<\/p>\n\n\n\n<p class=\"has-normal-font-size\">Trabajo original<\/p>\n\n\n\n<p class=\"has-normal-font-size\"><a rel=\"noreferrer noopener\" href=\"http:\/\/spu.org.uy\/sitio\/wp-content\/uploads\/2022\/09\/02_T_Original.pdf\" target=\"_blank\"><strong>Abordar a la persona entre trayectorias alcoh\u00f3licas y tratamientos<\/strong><\/a><\/p>\n\n\n\n<p class=\"has-small-font-size\">Fabrizio Mart\u00ednez Dibarboure<\/p>\n\n\n\n<p class=\"has-normal-font-size\">Revisi\u00f3n<\/p>\n\n\n\n<p class=\"has-normal-font-size\"><a href=\"http:\/\/spu.org.uy\/sitio\/wp-content\/uploads\/2022\/09\/03_Revision.pdf\" target=\"_blank\" rel=\"noreferrer noopener\"><strong>Esquizofrenia resistente al tratamiento I: Concepto e impacto cl\u00ednico<\/strong><\/a><\/p>\n\n\n\n<p class=\"has-small-font-size\">Mauricio Toledo, Carina Ricciardi, Ismael Olmos<\/p>\n\n\n\n<p class=\"has-normal-font-size\">Rese\u00f1a<\/p>\n\n\n\n<p class=\"has-normal-font-size\"><a rel=\"noreferrer noopener\" href=\"http:\/\/spu.org.uy\/sitio\/wp-content\/uploads\/2022\/09\/04_Resena.pdf\" target=\"_blank\"><strong>Avances en psiquiatr\u00eda de precisi\u00f3n<\/strong><\/a><\/p>\n\n\n\n<p class=\"has-small-font-size\">Frank Lozano, Sebasti\u00e1n Lema Spinelli<\/p>\n\n\n\n<p class=\"has-normal-font-size\">Cartas al Editor<\/p>\n\n\n\n<p class=\"has-normal-font-size\"><a href=\"http:\/\/spu.org.uy\/sitio\/wp-content\/uploads\/2022\/09\/05_CaE_01.pdf\" target=\"_blank\" rel=\"noreferrer noopener\"><strong>Psicod\u00e9licos: \u00bfretorno de lo reprimido?<\/strong><\/a><\/p>\n\n\n\n<p class=\"has-small-font-size\">Mauricio Toledo, Mar\u00eda Penengo, Juan Pablo Garc\u00eda<\/p>\n\n\n\n<p class=\"has-normal-font-size\"><a rel=\"noreferrer noopener\" href=\"http:\/\/spu.org.uy\/sitio\/wp-content\/uploads\/2022\/09\/06_CaE_02.pdf\" target=\"_blank\"><strong>La confianza en los tratamientos<\/strong><\/a><\/p>\n\n\n\n<p class=\"has-small-font-size\">Ismael Olmos<\/p>\n","protected":false},"excerpt":{"rendered":"<p>Revista de Psiquiatr\u00eda del Uruguay Vol. 86 No. 1 Sumario Editorial Los psiquiatras en el Sistema de Salud de Uruguay: \u00bfCu\u00e1ntos somos?, \u00bfcu\u00e1ntos se necesitan? Sandra Romano Trabajo original Abordar a la persona entre trayectorias alcoh\u00f3licas y tratamientos Fabrizio Mart\u00ednez&hellip; <\/p>\n","protected":false},"author":2,"featured_media":0,"parent":1963,"menu_order":1,"comment_status":"closed","ping_status":"closed","template":"","meta":[],"_links":{"self":[{"href":"http:\/\/spu.org.uy\/sitio\/index.php?rest_route=\/wp\/v2\/pages\/1966"}],"collection":[{"href":"http:\/\/spu.org.uy\/sitio\/index.php?rest_route=\/wp\/v2\/pages"}],"about":[{"href":"http:\/\/spu.org.uy\/sitio\/index.php?rest_route=\/wp\/v2\/types\/page"}],"author":[{"embeddable":true,"href":"http:\/\/spu.org.uy\/sitio\/index.php?rest_route=\/wp\/v2\/users\/2"}],"replies":[{"embeddable":true,"href":"http:\/\/spu.org.uy\/sitio\/index.php?rest_route=%2Fwp%2Fv2%2Fcomments&post=1966"}],"version-history":[{"count":4,"href":"http:\/\/spu.org.uy\/sitio\/index.php?rest_route=\/wp\/v2\/pages\/1966\/revisions"}],"predecessor-version":[{"id":1977,"href":"http:\/\/spu.org.uy\/sitio\/index.php?rest_route=\/wp\/v2\/pages\/1966\/revisions\/1977"}],"up":[{"embeddable":true,"href":"http:\/\/spu.org.uy\/sitio\/index.php?rest_route=\/wp\/v2\/pages\/1963"}],"wp:attachment":[{"href":"http:\/\/spu.org.uy\/sitio\/index.php?rest_route=%2Fwp%2Fv2%2Fmedia&parent=1966"}],"curies":[{"name":"wp","href":"https:\/\/api.w.org\/{rel}","templated":true}]}}