{"id":26,"date":"2014-08-18T04:08:26","date_gmt":"2014-08-18T04:08:26","guid":{"rendered":"http:\/\/spu.org.uy\/sitio\/?page_id=26"},"modified":"2024-02-14T16:35:01","modified_gmt":"2024-02-14T16:35:01","slug":"informacion","status":"publish","type":"page","link":"http:\/\/spu.org.uy\/sitio\/?page_id=26","title":{"rendered":"Informaci\u00f3n"},"content":{"rendered":"<p>Requisitos para afiliarse<\/p>\n<p>Socios Activos<\/p>\n<p>Psiquiatras<\/p>\n<ul>\n<li>Formulario completo<\/li>\n<li>Fotocopia del T\u00edtulo de Especialista (ambas caras)<\/li>\n<li>Cuota mensual $ 820<\/li>\n<\/ul>\n<p>Socios Adherentes<\/p>\n<p>M\u00e9dicos cursando Postgrado o Residencia<\/p>\n<ul>\n<li>Formulario completo<\/li>\n<li>Fotocopia del T\u00edtulo de M\u00e9dico (ambas caras)<\/li>\n<li>Cuota mensual $ 470<\/li>\n<\/ul>\n<p>Socios del Interior del Pa\u00eds<\/p>\n<p>Psiquiatras o Estudiantes de Postgrado o Residencia<\/p>\n<ul>\n<li>Formulario completo<\/li>\n<li>Fotocopia del T\u00edtulo (ambas caras)<\/li>\n<li>Cuota mensual $ 455<\/li>\n<\/ul>\n<p>Algunos beneficios:<\/p>\n<ul>\n<li>Integrar Cap\u00edtulos<\/li>\n<li>Descuentos en Congresos organizados por la SPU<\/li>\n<li>Becas en Actividades Nacionales e Internacionales<\/li>\n<li>Entrada libre en Actividades Cient\u00edficas y Cursos de E.M.C.<\/li>\n<li>Revista de la SPU<\/li>\n<li>Fiesta de Fin de A\u00f1o<\/li>\n<\/ul>\n<p><a href=\"http:\/\/spu.org.uy\/sitio\/wp-content\/uploads\/2014\/08\/SOLICITUD-DE-AFILIACI\u00d3N.doc\"> Descargar solicitud de afiliaci\u00f3n<\/a><\/p>\n","protected":false},"excerpt":{"rendered":"<p>Requisitos para afiliarse Socios Activos Psiquiatras Formulario completo Fotocopia del T\u00edtulo de Especialista (ambas caras) Cuota mensual $ 820 Socios Adherentes M\u00e9dicos cursando Postgrado o Residencia Formulario completo Fotocopia del T\u00edtulo de M\u00e9dico (ambas caras) Cuota mensual $ 470 Socios&hellip; <\/p>\n","protected":false},"author":1,"featured_media":0,"parent":18,"menu_order":0,"comment_status":"closed","ping_status":"closed","template":"","meta":[],"_links":{"self":[{"href":"http:\/\/spu.org.uy\/sitio\/index.php?rest_route=\/wp\/v2\/pages\/26"}],"collection":[{"href":"http:\/\/spu.org.uy\/sitio\/index.php?rest_route=\/wp\/v2\/pages"}],"about":[{"href":"http:\/\/spu.org.uy\/sitio\/index.php?rest_route=\/wp\/v2\/types\/page"}],"author":[{"embeddable":true,"href":"http:\/\/spu.org.uy\/sitio\/index.php?rest_route=\/wp\/v2\/users\/1"}],"replies":[{"embeddable":true,"href":"http:\/\/spu.org.uy\/sitio\/index.php?rest_route=%2Fwp%2Fv2%2Fcomments&post=26"}],"version-history":[{"count":20,"href":"http:\/\/spu.org.uy\/sitio\/index.php?rest_route=\/wp\/v2\/pages\/26\/revisions"}],"predecessor-version":[{"id":2180,"href":"http:\/\/spu.org.uy\/sitio\/index.php?rest_route=\/wp\/v2\/pages\/26\/revisions\/2180"}],"up":[{"embeddable":true,"href":"http:\/\/spu.org.uy\/sitio\/index.php?rest_route=\/wp\/v2\/pages\/18"}],"wp:attachment":[{"href":"http:\/\/spu.org.uy\/sitio\/index.php?rest_route=%2Fwp%2Fv2%2Fmedia&parent=26"}],"curies":[{"name":"wp","href":"https:\/\/api.w.org\/{rel}","templated":true}]}}