{"id":320,"date":"2014-09-18T22:25:41","date_gmt":"2014-09-18T22:25:41","guid":{"rendered":"http:\/\/spu.org.uy\/sitio\/?page_id=320"},"modified":"2014-11-26T17:20:11","modified_gmt":"2014-11-26T17:20:11","slug":"diciembre-2007","status":"publish","type":"page","link":"http:\/\/spu.org.uy\/sitio\/?page_id=320","title":{"rendered":"Diciembre 2007"},"content":{"rendered":"<div style=\"color: #000000;\" align=\"center\">\n<h5 style=\"text-align: left;\"><span style=\"color: #3366ff;\">Revista de Psiquiatr\u00eda del Uruguay<\/span><\/h5>\n<h5 style=\"text-align: left;\"><span style=\"color: #3366ff;\">Vol.\u00a071 No. 2,\u00a0<\/span><span style=\"color: #3366ff;\">Diciembre 2007<\/span><\/h5>\n<p>&nbsp;<\/p>\n<\/div>\n<h5 style=\"color: #000000; text-align: left; padding-left: 30px;\" align=\"center\">Indice<\/h5>\n<ul style=\"color: #000000; padding-left: 30px;\">\n<li><a href=\"http:\/\/www.spu.org.uy\/revista\/dic2007\/01_editorial.pdf\">Editorial<\/a><br \/>\n<i>Dr. Federico Dajas<\/i><\/li>\n<\/ul>\n<p style=\"color: #000000; padding-left: 30px;\"><strong>Aspectos de Salud Mental<\/strong><\/p>\n<ul style=\"color: #000000; padding-left: 30px;\">\n<li><a href=\"http:\/\/www.spu.org.uy\/revista\/dic2007\/02_asm.pdf\">Aportes a un debate sobre la Organizaci\u00f3n de la Atenci\u00f3n en Salud Mental y Psiquiatr\u00eda<\/a><br \/>\n<em>Sandra Romano<\/em><\/li>\n<li><a href=\"http:\/\/www.spu.org.uy\/revista\/dic2007\/03_asm.pdf\">Implementaci\u00f3n de pol\u00edticas y planes de Salud Mental en Am\u00e9rica Latina<\/a><br \/>\n<em>Jos\u00e9 Caldas de Almeida<\/em><\/li>\n<li><a href=\"http:\/\/www.spu.org.uy\/revista\/dic2007\/04_asm.pdf\">La atenci\u00f3n de Salud Mental en Am\u00e9rica Latina y el Caribe<br \/>\n<\/a><em>Jorge Rodr\u00edguez<\/em><\/li>\n<li><a href=\"http:\/\/www.spu.org.uy\/revista\/dic2007\/05_asm.pdf\">Unidades psiqui\u00e1tricas en Hospitales Generales en Am\u00e9rica del Sur: contexto y panorama general de los<br \/>\n\u00faltimos a\u00f1os<\/a><br \/>\n<i>Cristina Larrobla<\/i><\/li>\n<li><a href=\"http:\/\/www.spu.org.uy\/revista\/dic2007\/06_asm.pdf\">El trabajo en equipo: una mirada desde la experiencia en Equipos Comunitarios de Salud Mental<\/a><br \/>\n<em>Sandra Romano, Gabriela Novoa, Miriam Gopar, Ana M\u00aa Cocco,<br \/>\nBeatriz De Le\u00f3n, C\u00e9sar Ureta, Gustavo Frontera<\/em><\/li>\n<li><a href=\"http:\/\/www.spu.org.uy\/revista\/dic2007\/07_asm.pdf\">Breve s\u00edntesis de la evoluci\u00f3n de la Psiquiatr\u00eda en el Uruguay<br \/>\n<\/a><i>Dr. Humberto Casarotti<\/i><\/li>\n<\/ul>\n<p style=\"color: #000000; padding-left: 30px;\"><strong>Psiquiatr\u00eda Pedi\u00e1trica<\/strong><\/p>\n<ul style=\"color: #000000; padding-left: 30px;\">\n<li><a href=\"http:\/\/www.spu.org.uy\/revista\/dic2007\/08_psi_ped.pdf\">Sobre el abuso sexual infantil: a prop\u00f3sito de un caso<\/a><br \/>\n<em>Mercedes Pazos<\/em><\/li>\n<\/ul>\n<p style=\"color: #000000; padding-left: 30px;\"><b>Conferencia<\/b><\/p>\n<ul style=\"color: #000000; padding-left: 30px;\">\n<li><a href=\"http:\/\/www.spu.org.uy\/revista\/dic2007\/09_conf.pdf\">Trastorno por d\u00e9ficit atencional e hiperquinesia en el adulto<\/a><br \/>\n<i>Dres. Gonzalo Vali\u00f1o, Humberto Casarotti<\/i><\/li>\n<\/ul>\n<ul style=\"color: #000000; padding-left: 30px;\">\n<li><a href=\"http:\/\/www.spu.org.uy\/revista\/dic2007\/10_ind_aut.pdf\">\u00cdndice de autores. Revista de Psiquiatr\u00eda del Uruguay, Volumen 71, 2007<\/a><\/li>\n<\/ul>\n<ul style=\"color: #000000; padding-left: 30px;\">\n<li><a href=\"http:\/\/www.spu.org.uy\/revista\/dic2007\/normas%20de%20aceptacion.pdf\">Normas de aceptaci\u00f3n de originales<\/a><\/li>\n<\/ul>\n","protected":false},"excerpt":{"rendered":"<p>Revista de Psiquiatr\u00eda del Uruguay Vol.\u00a071 No. 2,\u00a0Diciembre 2007 &nbsp; Indice Editorial Dr. Federico Dajas Aspectos de Salud Mental Aportes a un debate sobre la Organizaci\u00f3n de la Atenci\u00f3n en Salud Mental y Psiquiatr\u00eda Sandra Romano Implementaci\u00f3n de pol\u00edticas y&hellip; <\/p>\n","protected":false},"author":1,"featured_media":321,"parent":279,"menu_order":1,"comment_status":"closed","ping_status":"open","template":"","meta":[],"_links":{"self":[{"href":"http:\/\/spu.org.uy\/sitio\/index.php?rest_route=\/wp\/v2\/pages\/320"}],"collection":[{"href":"http:\/\/spu.org.uy\/sitio\/index.php?rest_route=\/wp\/v2\/pages"}],"about":[{"href":"http:\/\/spu.org.uy\/sitio\/index.php?rest_route=\/wp\/v2\/types\/page"}],"author":[{"embeddable":true,"href":"http:\/\/spu.org.uy\/sitio\/index.php?rest_route=\/wp\/v2\/users\/1"}],"replies":[{"embeddable":true,"href":"http:\/\/spu.org.uy\/sitio\/index.php?rest_route=%2Fwp%2Fv2%2Fcomments&post=320"}],"version-history":[{"count":2,"href":"http:\/\/spu.org.uy\/sitio\/index.php?rest_route=\/wp\/v2\/pages\/320\/revisions"}],"predecessor-version":[{"id":547,"href":"http:\/\/spu.org.uy\/sitio\/index.php?rest_route=\/wp\/v2\/pages\/320\/revisions\/547"}],"up":[{"embeddable":true,"href":"http:\/\/spu.org.uy\/sitio\/index.php?rest_route=\/wp\/v2\/pages\/279"}],"wp:featuredmedia":[{"embeddable":true,"href":"http:\/\/spu.org.uy\/sitio\/index.php?rest_route=\/wp\/v2\/media\/321"}],"wp:attachment":[{"href":"http:\/\/spu.org.uy\/sitio\/index.php?rest_route=%2Fwp%2Fv2%2Fmedia&parent=320"}],"curies":[{"name":"wp","href":"https:\/\/api.w.org\/{rel}","templated":true}]}}