{"id":323,"date":"2014-09-18T22:29:48","date_gmt":"2014-09-18T22:29:48","guid":{"rendered":"http:\/\/spu.org.uy\/sitio\/?page_id=323"},"modified":"2014-11-26T17:20:11","modified_gmt":"2014-11-26T17:20:11","slug":"agosto-2008","status":"publish","type":"page","link":"http:\/\/spu.org.uy\/sitio\/?page_id=323","title":{"rendered":"Agosto 2008"},"content":{"rendered":"<div style=\"color: #000000;\" align=\"center\">\n<h5 style=\"text-align: left;\"><span style=\"color: #3366ff;\">Revista de Psiquiatr\u00eda del Uruguay<\/span><\/h5>\n<h5 style=\"text-align: left;\"><span style=\"color: #3366ff;\">Vol.\u00a072 No. 1,\u00a0Agosto 2008<\/span><\/h5>\n<h5 style=\"text-align: left;\"><\/h5>\n<\/div>\n<h5 style=\"color: #000000; text-align: left; padding-left: 30px;\" align=\"center\">Indice<\/h5>\n<ul style=\"color: #000000; padding-left: 30px;\">\n<li><a href=\"http:\/\/www.spu.org.uy\/revista\/ago2008\/01_editorial.pdf\">Editorial<\/a><br \/>\n<i>Dr. Federico Dajas<\/i><\/li>\n<\/ul>\n<p style=\"color: #000000; padding-left: 30px;\"><strong>Trabajo original<\/strong><\/p>\n<ul style=\"color: #000000; padding-left: 30px;\">\n<li><a href=\"http:\/\/www.spu.org.uy\/revista\/ago2008\/02_trabajo%20orig.pdf\">Caracter\u00edsticas epidemiol\u00f3gicas de la salud mental de los ni\u00f1os montevideanos<\/a><br \/>\n<em>Laura Viola, Gabriela Garrido, Alicia Varela<\/em><\/li>\n<\/ul>\n<p style=\"color: #000000; padding-left: 30px;\"><strong>Revisiones<\/strong><\/p>\n<ul style=\"color: #000000; padding-left: 30px;\">\n<li><a href=\"http:\/\/www.spu.org.uy\/revista\/ago2008\/03_revision.pdf\">Tratamiento farmacol\u00f3gico del trastorno bipolar en el adulto<\/a><br \/>\n<em>\u00c1lvaro D\u2019Ottone<\/em><\/li>\n<li><a href=\"http:\/\/www.spu.org.uy\/revista\/ago2008\/04_revision.pdf\">Antidepresivos y memoria<br \/>\n<\/a><em>Teresa Pereira<\/em><\/li>\n<\/ul>\n<p style=\"color: #000000; padding-left: 30px;\"><strong>Caso cl\u00ednico<\/strong><\/p>\n<ul style=\"color: #000000; padding-left: 30px;\">\n<li><a href=\"http:\/\/www.spu.org.uy\/revista\/ago2008\/05_caso%20clin.pdf\">Caso cl\u00ednico presentado en el Ateneo<br \/>\nde la Revista de Psiquiatr\u00eda del Uruguay<\/a><br \/>\n<em>Sandra Romano<\/em><\/li>\n<\/ul>\n<ul style=\"color: #000000; padding-left: 30px;\">\n<li><a href=\"http:\/\/www.spu.org.uy\/revista\/ago2008\/06_cartas.pdf\">Cartas al editor<\/a><\/li>\n<\/ul>\n<ul style=\"color: #000000; padding-left: 30px;\">\n<li><a href=\"http:\/\/www.spu.org.uy\/revista\/ago2008\/07_normas.pdf\">Normas de aceptaci\u00f3n de originales<\/a><\/li>\n<\/ul>\n","protected":false},"excerpt":{"rendered":"<p>Revista de Psiquiatr\u00eda del Uruguay Vol.\u00a072 No. 1,\u00a0Agosto 2008 Indice Editorial Dr. Federico Dajas Trabajo original Caracter\u00edsticas epidemiol\u00f3gicas de la salud mental de los ni\u00f1os montevideanos Laura Viola, Gabriela Garrido, Alicia Varela Revisiones Tratamiento farmacol\u00f3gico del trastorno bipolar en el&hellip; <\/p>\n","protected":false},"author":1,"featured_media":324,"parent":281,"menu_order":8,"comment_status":"closed","ping_status":"open","template":"","meta":[],"_links":{"self":[{"href":"http:\/\/spu.org.uy\/sitio\/index.php?rest_route=\/wp\/v2\/pages\/323"}],"collection":[{"href":"http:\/\/spu.org.uy\/sitio\/index.php?rest_route=\/wp\/v2\/pages"}],"about":[{"href":"http:\/\/spu.org.uy\/sitio\/index.php?rest_route=\/wp\/v2\/types\/page"}],"author":[{"embeddable":true,"href":"http:\/\/spu.org.uy\/sitio\/index.php?rest_route=\/wp\/v2\/users\/1"}],"replies":[{"embeddable":true,"href":"http:\/\/spu.org.uy\/sitio\/index.php?rest_route=%2Fwp%2Fv2%2Fcomments&post=323"}],"version-history":[{"count":2,"href":"http:\/\/spu.org.uy\/sitio\/index.php?rest_route=\/wp\/v2\/pages\/323\/revisions"}],"predecessor-version":[{"id":542,"href":"http:\/\/spu.org.uy\/sitio\/index.php?rest_route=\/wp\/v2\/pages\/323\/revisions\/542"}],"up":[{"embeddable":true,"href":"http:\/\/spu.org.uy\/sitio\/index.php?rest_route=\/wp\/v2\/pages\/281"}],"wp:featuredmedia":[{"embeddable":true,"href":"http:\/\/spu.org.uy\/sitio\/index.php?rest_route=\/wp\/v2\/media\/324"}],"wp:attachment":[{"href":"http:\/\/spu.org.uy\/sitio\/index.php?rest_route=%2Fwp%2Fv2%2Fmedia&parent=323"}],"curies":[{"name":"wp","href":"https:\/\/api.w.org\/{rel}","templated":true}]}}